{"id":29,"date":"2016-09-27T08:11:20","date_gmt":"2016-09-27T08:11:20","guid":{"rendered":"http:\/\/edixital.com\/informatica-pobra\/?page_id=29"},"modified":"2022-09-10T11:45:31","modified_gmt":"2022-09-10T10:45:31","slug":"servicio-tecnico","status":"publish","type":"page","link":"https:\/\/edixital.com\/informatica-pobra\/servicio-tecnico\/","title":{"rendered":"Servicio t\u00e9cnico"},"content":{"rendered":"<p>En eDixital solucionamos tus problemas inform\u00e1ticos, ya sea por causas de software (instalaci\u00f3n y configuraci\u00f3n de equipos, eliminaci\u00f3n de virus &#8230;) o hardware (aver\u00edas t\u00e9cnicas, cambio de piezas defectuosas, actualizaci\u00f3n de configuraciones, etc).<\/p>\n<p>Tambi\u00e9n reparamos todo tipo de smartphones (Iphone y Android), tablets, consolas, monitores&#8230;<\/p>\n<p>Consulta sin compromiso.<\/p>\n<p><a href=\"https:\/\/edixital.com\/informatica-pobra\/servicio-tecnico\/reparaciones\/\" rel=\"attachment wp-att-289\"><img decoding=\"async\" loading=\"lazy\" class=\"aligncenter size-large wp-image-289\" src=\"http:\/\/edixital.com\/informatica-pobra\/wp-content\/uploads\/2022\/09\/reparaciones-1024x314.jpg\" alt=\"\" width=\"640\" height=\"196\" srcset=\"https:\/\/edixital.com\/informatica-pobra\/wp-content\/uploads\/2022\/09\/reparaciones-1024x314.jpg 1024w, https:\/\/edixital.com\/informatica-pobra\/wp-content\/uploads\/2022\/09\/reparaciones-300x92.jpg 300w, https:\/\/edixital.com\/informatica-pobra\/wp-content\/uploads\/2022\/09\/reparaciones-768x236.jpg 768w, https:\/\/edixital.com\/informatica-pobra\/wp-content\/uploads\/2022\/09\/reparaciones.jpg 1186w\" sizes=\"(max-width: 640px) 100vw, 640px\" \/><\/a><\/p>\n<p><a href=\"http:\/\/edixital.com\/informatica-pobra\/wp-content\/uploads\/2019\/04\/robotico.png\"><img decoding=\"async\" class=\"size-full wp-image-92 aligncenter\" src=\"http:\/\/edixital.com\/informatica-pobra\/wp-content\/uploads\/2019\/04\/robotico.png\" alt=\"\" width=\"25%\" srcset=\"https:\/\/edixital.com\/informatica-pobra\/wp-content\/uploads\/2019\/04\/robotico.png 1688w, https:\/\/edixital.com\/informatica-pobra\/wp-content\/uploads\/2019\/04\/robotico-300x165.png 300w, https:\/\/edixital.com\/informatica-pobra\/wp-content\/uploads\/2019\/04\/robotico-768x421.png 768w, https:\/\/edixital.com\/informatica-pobra\/wp-content\/uploads\/2019\/04\/robotico-1024x562.png 1024w\" sizes=\"(max-width: 1688px) 100vw, 1688px\" \/><\/a><\/p>\n","protected":false},"excerpt":{"rendered":"<p>En eDixital solucionamos tus problemas inform\u00e1ticos, ya sea por causas de software (instalaci\u00f3n y configuraci\u00f3n de equipos, eliminaci\u00f3n de virus &#8230;) o hardware (aver\u00edas t\u00e9cnicas, cambio de piezas defectuosas, actualizaci\u00f3n de configuraciones, etc). Tambi\u00e9n reparamos todo tipo de smartphones (Iphone y Android), tablets, consolas, monitores&#8230; Consulta sin compromiso.<\/p>\n","protected":false},"author":3,"featured_media":0,"parent":0,"menu_order":0,"comment_status":"closed","ping_status":"closed","template":"template-fullwidth.php","meta":[],"_links":{"self":[{"href":"https:\/\/edixital.com\/informatica-pobra\/wp-json\/wp\/v2\/pages\/29"}],"collection":[{"href":"https:\/\/edixital.com\/informatica-pobra\/wp-json\/wp\/v2\/pages"}],"about":[{"href":"https:\/\/edixital.com\/informatica-pobra\/wp-json\/wp\/v2\/types\/page"}],"author":[{"embeddable":true,"href":"https:\/\/edixital.com\/informatica-pobra\/wp-json\/wp\/v2\/users\/3"}],"replies":[{"embeddable":true,"href":"https:\/\/edixital.com\/informatica-pobra\/wp-json\/wp\/v2\/comments?post=29"}],"version-history":[{"count":17,"href":"https:\/\/edixital.com\/informatica-pobra\/wp-json\/wp\/v2\/pages\/29\/revisions"}],"predecessor-version":[{"id":380,"href":"https:\/\/edixital.com\/informatica-pobra\/wp-json\/wp\/v2\/pages\/29\/revisions\/380"}],"wp:attachment":[{"href":"https:\/\/edixital.com\/informatica-pobra\/wp-json\/wp\/v2\/media?parent=29"}],"curies":[{"name":"wp","href":"https:\/\/api.w.org\/{rel}","templated":true}]}}