{"id":43,"date":"2016-09-27T08:54:44","date_gmt":"2016-09-27T08:54:44","guid":{"rendered":"http:\/\/edixital.com\/informatica-pobra\/?page_id=43"},"modified":"2024-02-15T20:01:37","modified_gmt":"2024-02-15T19:01:37","slug":"telefonia","status":"publish","type":"page","link":"https:\/\/edixital.com\/informatica-pobra\/telefonia\/","title":{"rendered":"Telefon\u00eda y Fibra"},"content":{"rendered":"<p style=\"text-align: center;\">Encuentra las tarifas m\u00e1s competitivas en fibra y las mejores ofertas contratando fibra y m\u00f3vil.<\/p>\n<p><a href=\"https:\/\/edixital.com\/informatica-pobra\/telefonia\/marcas1-2\/\"><img decoding=\"async\" loading=\"lazy\" class=\"aligncenter wp-image-394 size-full\" src=\"http:\/\/edixital.com\/informatica-pobra\/wp-content\/uploads\/2024\/02\/marcas1.jpg\" alt=\"\" width=\"472\" height=\"441\" srcset=\"https:\/\/edixital.com\/informatica-pobra\/wp-content\/uploads\/2024\/02\/marcas1.jpg 472w, https:\/\/edixital.com\/informatica-pobra\/wp-content\/uploads\/2024\/02\/marcas1-300x280.jpg 300w\" sizes=\"(max-width: 472px) 100vw, 472px\" \/><\/a><\/p>\n<p style=\"text-align: center;\">Somos distribuidores de las principales compa\u00f1\u00edas de telefon\u00eda fija y m\u00f3vil, tanto en contrato como en prepago.<\/p>\n<p><a href=\"https:\/\/edixital.com\/informatica-pobra\/telefonia\/marcas2-2\/\" rel=\"attachment wp-att-229\"><img decoding=\"async\" loading=\"lazy\" class=\"aligncenter wp-image-398 size-full\" src=\"http:\/\/edixital.com\/informatica-pobra\/wp-content\/uploads\/2024\/02\/marcas2-1.jpg\" alt=\"\" width=\"886\" height=\"75\" srcset=\"https:\/\/edixital.com\/informatica-pobra\/wp-content\/uploads\/2024\/02\/marcas2-1.jpg 886w, https:\/\/edixital.com\/informatica-pobra\/wp-content\/uploads\/2024\/02\/marcas2-1-300x25.jpg 300w, https:\/\/edixital.com\/informatica-pobra\/wp-content\/uploads\/2024\/02\/marcas2-1-768x65.jpg 768w\" sizes=\"(max-width: 886px) 100vw, 886px\" \/><\/a><\/p>\n<p style=\"text-align: center;\">Adem\u00e1s vendemos terminales libres de todas la marcas; Xiaomi, Samsung, Oppo, TCL &#8230; y reparamos m\u00f3viles y tablets: cambio de pantalla, reparaci\u00f3n de conectores &#8230;.<\/p>\n<p style=\"text-align: center;\">Pregunta sin compromiso.<\/p>\n","protected":false},"excerpt":{"rendered":"<p>Encuentra las tarifas m\u00e1s competitivas en fibra y las mejores ofertas contratando fibra y m\u00f3vil. Somos distribuidores de las principales compa\u00f1\u00edas de telefon\u00eda fija y m\u00f3vil, tanto en contrato como en prepago. Adem\u00e1s vendemos terminales libres de todas la marcas; Xiaomi, Samsung, Oppo, TCL &#8230; y reparamos m\u00f3viles y tablets: cambio de pantalla, reparaci\u00f3n de<a href=\"https:\/\/edixital.com\/informatica-pobra\/telefonia\/\">[&#8230;]<\/a><\/p>\n","protected":false},"author":3,"featured_media":0,"parent":0,"menu_order":0,"comment_status":"closed","ping_status":"closed","template":"","meta":[],"_links":{"self":[{"href":"https:\/\/edixital.com\/informatica-pobra\/wp-json\/wp\/v2\/pages\/43"}],"collection":[{"href":"https:\/\/edixital.com\/informatica-pobra\/wp-json\/wp\/v2\/pages"}],"about":[{"href":"https:\/\/edixital.com\/informatica-pobra\/wp-json\/wp\/v2\/types\/page"}],"author":[{"embeddable":true,"href":"https:\/\/edixital.com\/informatica-pobra\/wp-json\/wp\/v2\/users\/3"}],"replies":[{"embeddable":true,"href":"https:\/\/edixital.com\/informatica-pobra\/wp-json\/wp\/v2\/comments?post=43"}],"version-history":[{"count":22,"href":"https:\/\/edixital.com\/informatica-pobra\/wp-json\/wp\/v2\/pages\/43\/revisions"}],"predecessor-version":[{"id":401,"href":"https:\/\/edixital.com\/informatica-pobra\/wp-json\/wp\/v2\/pages\/43\/revisions\/401"}],"wp:attachment":[{"href":"https:\/\/edixital.com\/informatica-pobra\/wp-json\/wp\/v2\/media?parent=43"}],"curies":[{"name":"wp","href":"https:\/\/api.w.org\/{rel}","templated":true}]}}